et m(n) = s*h(n) + 2*o(n). What are the prime factors of m(-5)?
2, 5
Let d(s) = 12*s**2 + s. Let f = -6 - -5. What are the prime factors of d(f)?
11
Let y(q) = 3*q - 12. Let a be y(5). Suppose 103 - 19 = a*b. What are the prime factors of b?
2, 7
Let m(i) = 3*i. Let o be m(-1). Let k be (o + 4)*(-1 + 6). Suppose 18 = 5*n - 3*l + l, k*n - 22 = -2*l. What are the prime factors of n?
2
Suppose 9*n + 16*n = 9575. What are the prime factors of n?
383
Let t(s) be the second derivative of s**5/20 + 6*s**2 - s. Let w = -2 + 2. What are the prime factors of t(w)?
2, 3
Let b(v) be the first derivative of 4*v**2 + 5*v + 4. What are the prime factors of b(4)?
37
Suppose 3*m = -4*d + 2*d + 146, -5*d - 10 = 0. Suppose m = -h - h. What are the prime factors of 18/(-10)*h/5?
3
Let z = 371 + -129. List the prime factors of z.
2, 11
Suppose -3*i - 4*o + 24 = -2*o, i - 1 = -3*o. What are the prime factors of (42/i)/(1/5)?
3, 7
Let l(k) = -4. Let r(w) = -1 + 3 + w - 3. Let i(f) = l(f) + 2*r(f). What are the prime factors of i(8)?
2, 5
Let r(l) = l**2 - 2*l - 10. Let i be r(10). Suppose 0 = -5*c + 5*k + i, -2*c + 6*k = k - 43. What are the prime factors of c?
3
Suppose 2*t + 8 = 4*t. Suppose t*r + 0*r = 48. List the prime factors of r.
2, 3
List the prime factors of (-448)/24*3/(-2).
2, 7
Suppose -5*x + 20 = 0, 16 = -5*b - 2*x - 31. Let q = 1 - b. List the prime factors of q.
2, 3
What are the prime factors of 1 + 88/6*3?
3, 5
Let a(n) be the third derivative of -3*n**2 + 1/6*n**4 + 1/120*n**6 + 0*n - 1/10*n**5 - n**3 + 0. List the prime factors of a(6).
2, 3
Suppose s + 3*s - 212 = 0. Let h = s + -8. List the prime factors of h.
3, 5
Let r(m) = -m**2 + 5*m + 6. Suppose -10 = -3*k + 14. Let p be ((-15)/(-12))/(2/k). What are the prime factors of r(p)?
2, 3
Let a be (-24)/(-10) + (-12)/30. Suppose 0 = 4*h - k - 13, a*k = 5*h - k - 18. What are the prime factors of h?
3
Let s be (2 - 0) + -2 - 29. Let d = -17 - s. Suppose 5*l = 6*l - d. What are the prime factors of l?
2, 3
Let l(b) = -b**3 - 6*b**2 - 7*b - 7. Let d be l(-5). Let s be (-1 + -3)/(2/(-11)). Suppose o + 0*w = d*w + 21, 0 = -2*o + 2*w + s. List the prime factors of o.
2, 3
Let h(z) = -5*z**3 + 3*z + 3*z**2 - 4*z - 2*z**2 + 1. Let n be h(1). What are the prime factors of n/(-1) - (1 - 2)?
5
Let q be (0 + 1)/((-1)/(-3)). Suppose 0 = o + q*o - 308. Suppose -5*u + 91 = 4*y, 5*y + u = 21 + o. What are the prime factors of y?
19
Let f be 129/(-15) + (-3)/(-5). Let r(q) = q**3 + 9*q**2 + 11*q + 6. Let m be r(f). Let k = m - -29. List the prime factors of k.
11
Let s be (-3)/3*-3 - -1. Let h(l) = -2*l**2 + 5*l + 7. Let f(g) = 3*g**2 - 4*g - 8. Let x(u) = s*h(u) + 3*f(u). List the prime factors of x(-8).
2
Let u(x) = -x**3 + 15*x**2 + 5. What are the prime factors of u(15)?
5
List the prime factors of 4/(-14) - (-7)/((-49)/(-1500)).
2, 107
Suppose -5 = -s - 3. Suppose 2*u - u = s, 0 = r - u - 4. List the prime factors of r.
2, 3
Let k be (4/10)/(7/35). Let g(v) = 5*v**2 + v - 4. List the prime factors of g(k).
2, 3
Let t = 55 + -13. Suppose -t = -x - x. What are the prime factors of x?
3, 7
Let v(o) = -o**2 - 4*o + 3. Let g be v(-4). Let f(b) = -b - g*b + b. What are the prime factors of f(-4)?
2, 3
Let a(t) = t**2 - 3*t + 7. Suppose -o - 3*o = -12, 37 = 5*b + 4*o. List the prime factors of a(b).
17
Suppose -80*b - 640 = -82*b. List the prime factors of b.
2, 5
Let j(h) = h**2 + 9*h - 5. Let c be j(-10). Suppose -8 = c*u - 88. What are the prime factors of u?
2
Suppose 4*s - 8 = 0, 2*s = 5*j - 3*s. Let r be -5 + 4 - -2*j. Suppose 4*a = r + 61. List the prime factors of a.
2
Let t be (-4)/(-3)*3*1. Suppose t*x = -5*q - 0*x + 46, 2*x = -5*q + 38. What are the prime factors of q?
2, 3
Suppose 5*o - y + 5*y + 45 = 0, -4*y = 4*o + 40. Let x(q) = q**2 + 2*q + 10. What are the prime factors of x(o)?
5
Let y = 3 + 0. Suppose -2*q + 23 = y. What are the prime factors of q?
2, 5
Suppose 4*p = 14 + 2. Suppose -164 + 52 = -p*m. List the prime factors of m.
2, 7
Suppose -l + 2 = 3*y + 23, 2*l + 2*y + 22 = 0. Let s(i) = i**2 + 3*i + 4. What are the prime factors of s(l)?
2, 11
Suppose -2*d + 5*a - 1 + 18 = 0, -4*d + 25 = -a. Suppose k + d = z, -6*k + 4*k = z - 12. List the prime factors of z.
2
Let h(v) = -v - 2. Let p = 3 - 5. Let n be h(p). Suppose 2*k - 9 = 3*t - 2*t, n = -3*k + t + 11. List the prime factors of k.
2
Suppose -24 = -3*b + 3*o, -3*b + o + 39 = 3*o. Let u = b - -25. Suppose 0*r + u = 3*r. What are the prime factors of r?
2, 3
Let f = 70 + -11. List the prime factors of f.
59
What are the prime factors of 38 + (-4)/(-2) + -5?
5, 7
What are the prime factors of -3 + 4 + 0 + 45?
2, 23
Suppose 13 = 3*a + 28, 0 = -4*n + 2*a - 2. Let c = n + 6. List the prime factors of c.
3
Suppose 0 = -4*h + 38 + 22. List the prime factors of h.
3, 5
Let w = -218 + 486. List the prime factors of w.
2, 67
Let o = -3 + -1. Let u be 1/2 - (-38)/o. Let c(x) = -2*x - 10. List the prime factors of c(u).
2
Let w = -170 - -261. What are the prime factors of w?
7, 13
Let n = 6 + -2. Suppose 43 = -0*r + r + n*y, y = -5*r + 234. List the prime factors of r.
47
What are the prime factors of (-510)/(-6) - (3 + 0)?
2, 41
What are the prime factors of 22 + (3 - 3/3)?
2, 3
Let f(r) = 2*r + 1. What are the prime factors of f(5)?
11
Suppose -z - z = -20. List the prime factors of 232/z + 2/(-10).
23
Let m(c) = -2*c + 0 - 2 - 2. Suppose -30*s + 42 = -36*s. What are the prime factors of m(s)?
2, 5
Let k be (6 + -2)/((-4)/2). Let v = k - -3. Suppose d - 2 = 0, -4*n + 3 = -2*d - v. List the prime factors of n.
2
Suppose 5*m - 2*d = -7*d - 65, -3*d + 24 = -4*m. Let v = -4 - m. What are the prime factors of v?
5
Suppose t + 484 = 5*t. List the prime factors of t.
11
Suppose -4*p - 8 = 2*f, -2*p - p - 6 = -4*f. Suppose -4*k = 2*d - 2, 5*d - 5 = -f*k + 2*k. Let v = d + 2. List the prime factors of v.
3
Let a(h) = -h + 6. List the prime factors of a(0).
2, 3
Suppose -122 = -u - 85. What are the prime factors of u?
37
What are the prime factors of (45/10)/(2/4)?
3
Let z(l) = -18*l - 31. What are the prime factors of z(-7)?
5, 19
Let i(w) = w**2 + 2*w - 1. Let z be i(1). Suppose 0 = -3*o - 2*k + 17, -3*o + 2*k = -z*k - 11. What are the prime factors of o?
5
List the prime factors of 2 + -5 + 1 + 34.
2
What are the prime factors of ((-44)/(-6))/((-22)/(-429))?
11, 13
What are the prime factors of (-345)/(-9) - 1/3?
2, 19
Let j = -89 + 138. Suppose -2*c - j = -3*c. List the prime factors of c.
7
Suppose 150 = -32*j + 35*j. What are the prime factors of j?
2, 5
Suppose 4*j + 12 = 5*i, 0*i - 15 = -2*i + 5*j. Suppose -3*w + i*w = -6. Suppose -w*h + 5*h - 15 = 0. List the prime factors of h.
5
Let a be (-2 + 2)/(-1 + 0). Let x = -2 + a. What are the prime factors of x/(-7)*(10 + -3)?
2
Suppose 5*a - 2*j - 659 = 0, j + 2 = -0*j. List the prime factors of a.
131
Let m be 3 - -1*(3 - 1). Suppose 0 = 3*l + m - 149. Suppose l = -4*x + 8*x. What are the prime factors of x?
2, 3
Let j = 1090 - 778. List the prime factors of j.
2, 3, 13
Let x(l) be the second derivative of 1/2*l**3 - 3/2*l**2 + 0 - 3*l. List the prime factors of x(4).
3
Let b(c) = c + 1. Let o(x) = -5*x - 2. Let h(m) = 4*b(m) + o(m). List the prime factors of h(-10).
2, 3
Let k(b) be the third derivative of -b**4/24 + b**3/6 + 2*b**2. What are the prime factors of k(-3)?
2
Suppose 0 = -5*l - 5*b + 15, -1 + 2 = -l - 3*b. Let v(h) = h - 1 - 2*h**2 + 0 + 0*h + l*h**3 + 3*h**2. What are the prime factors of v(1)?
2, 3
Let z(i) = -i**3 + 9*i**2 - 5*i + 9. Let u = -2 + 10. What are the prime factors of z(u)?
3, 11
Suppose 0 = 6*i - 5*i - 55. What are the prime factors of i?
5, 11
Suppose 3*y - 44 = 61. What are the prime factors of y?
5, 7
Let z = 70 + -35. List the prime factors of z.
5, 7
Suppose -l = -2*l + 207. What are the prime factors of l?
3, 23
Suppose 5 = 4*a + 3*g + 17, -2*g - 8 = -3*a. Suppose a*m - 5*m = -150. What are the prime factors of m?
2, 3, 5
Let n(y) = -y**2 - 2*y - 8. Let c be n(-6). What are the prime factors of 21/4*c/(-12)?
2, 7
Suppose -3*x + r + 2 = -3*r, -4*x = 4*r - 12. Suppose 0 = -f + 6 + x. What are the prime factors of f?
2
Suppose -25 = -4*j + 283. What are the prime factors of j?
7, 11
Let q = 10 - -4. Suppose u - 26 = -3*o, -3*u = -o - 92 + q. List the prime factors of 